w) = w**3 - 2*w**2 - 14*w - 11. Calculate b(i).
-6
Suppose -2*r + 12 = r. Let n(m) = 5*m + 3. Let j(u) = u + 24. Let x(l) = -4*l - 84. Let t(a) = 7*j(a) + 2*x(a). Let v(b) = r*t(b) + n(b). Calculate v(-4).
-1
Let k(h) = -3*h - 7. Let q = 12 + -16. Let z(s) = 5*s + 13. Let w(n) = q*z(n) - 7*k(n). Let l(m) = m**2 + 7*m + 11. Let p be l(-6). Determine w(p).
2
Let y(w) = 4*w + 310075 - 2*w**2 - 310074 + 0*w**2. Suppose 0 = -2*f + 3*f - l - 2, 2*f + 4*l + 14 = 0. What is y(f)?
-5
Let m = 47 - 45. Suppose 3*y = 8 - m. Let t(h) = -5*h**2 - h**3 + h**y - 32 - 5*h + 30. What is t(-3)?
4
Let l = -2209 - -2214. Let y(n) = 37*n - 183. Calculate y(l).
2
Let b = -10206 + 10202. Let u(g) = g**2 - 3*g - 3. Give u(b).
25
Let d(t) = -2*t**2 + 3*t - 4. Let w be ((-3)/(-2))/((-2)/24). Let r = w - -16. Let a be (-2 + 1)*6/r. Determine d(a).
-13
Let f = -4193 + 4176. Let z(h) = 13*h - 64. Let r(a) = -6*a + 32. Let c(m) = -7*r(m) - 3*z(m). Let v(i) = i - 11. Let u(w) = f*v(w) + 6*c(w). Give u(5).
0
Suppose -6 = -5*q + 19. Suppose -4*m - 8 = 3*v - 23, -q*v - 4 = -3*m. Suppose 1 + m = -z. Let g(d) = -d**3 - 5*d**2 - 3*d + 2. Calculate g(z).
-2
Let i(h) = -3*h**3 - 8*h**2 - 10*h + 8. Let o(t) = 8*t**3 + 25*t**2 + 31*t - 23. Let l(r) = 11*i(r) + 4*o(r). Let n be (52/6)/(4/6). What is l(n)?
9
Let i(y) be the second derivative of y**4/6 - y**3/3 - 11*y**2/2 + 3060*y. What is i(5)?
29
Let z(f) = -f**3 - 6*f**2 + 162*f - 13. Let c be z(10). Let r(t) = t**3 - 6*t**2 - 6*t - 13. Calculate r(c).
-6
Suppose 35*d - 159 = -76 + 162. Let h(c) = -c - 38. Calculate h(d).
-45
Let w(n) = -n**3 - 8*n**2 + 11*n + 12. Suppose 9*h - 116 = 2422. Let z = -291 + h. What is w(z)?
-6
Let b(n) = -n**2 + 11*n + 3. Let q be b(11). Let o = q + -12. Let w(d) = -236*d - 1. Let k(l) = -26*l + 1. Let r(g) = -9*k(g) + w(g). Calculate r(o).
8
Let t be (-2)/(-4) - 11/2. Let u be t/3 - 2/(-3). Let l(d) = 2330*d + 2388*d - 4710*d + 1. Determine l(u).
-7
Let o = -357 + 502. Let r(s) = s**3 + 1 - 4*s - 140*s**2 + o*s**2 - 5. Give r(-5).
16
Let z(d) = -196*d**3 - 4*d**2 + 16*d + 33. Let y(a) = 107*a**3 + 2*a**2 - 9*a - 18. Let o(w) = -11*y(w) - 6*z(w). Give o(0).
0
Let a(m) be the first derivative of m**2/2 + 7*m + 2029. Let u(b) = -b**3 + 6*b**2 - 7. Let s be u(6). Calculate a(s).
0
Let u(a) = -a**2 + a + 4. Let o = 47 + -36. Let w = o + 41. Let r = 52 - w. What is u(r)?
4
Suppose 4*q + 20 = 0, 0 = 3*y - 3*q - 12 - 0. Let c be 1 - (-4 - 0) - y. Let m(g) = -g**2 + 6*g + 12. Determine m(c).
12
Let v(y) = 0 + 45*y - 13*y - 11*y + 5 + 9*y. Determine v(0).
5
Let y = 6 + -4. Suppose -4 = p - y, 0 = 2*v - p - 26. Suppose 5*r - i = 4, -5*r + 3*i = -v - 0. Let h(b) = b**3 - b**2 + b - 6. Calculate h(r).
-6
Suppose 0 = -14*g + 124 - 54. Let h(z) = 5*z**2 - 4*z**2 + g*z - 10*z. Determine h(4).
-4
Let f(k) = 214*k + 1290. Let x be f(-6). Let d(b) = b**3 - 6*b**2 + 2*b + 5. Give d(x).
17
Let o be (-1)/(18/24)*411/2. Let g = -274 - o. Let p(f) = -f**2 + f + 2. Calculate p(g).
2
Let z(h) = -440992*h - 16 - 242 + 440998*h. Calculate z(42).
-6
Let p(u) = 19*u**3 + u**2 + u - 1. Let m be p(1). Let s(y) = 2*y**2 + 15*y + 11 + 4 - m. What is s(-8)?
3
Let a(y) = -y**3 + 10*y**2 + 4*y + 8. Let h be 39/52*40/6 + 6. Determine a(h).
-69
Let j be ((-15)/6)/5*-2. Let n(t) be the first derivative of -t**3 - t**2/2 - t + 9. Let f(r) = -7*r**2 - 3*r - 2. Let l(u) = -2*f(u) + 5*n(u). Calculate l(j).
-1
Let m(a) = 9*a**3 + 6*a**2 + 11*a - 53. Let y(l) = -4*l**3 - 2*l**2 - 4*l + 23. Let v(q) = 3*m(q) + 7*y(q). Determine v(5).
2
Let c(v) = 7*v - 1. Let i(h) = -44*h + 34. Let z be i(-6). Let b = -297 + z. What is c(b)?
6
Suppose 2*d - 285 = 43*d - 162. Let s(g) = -3*g**2 + 27*g + 84. Give s(d).
-24
Let o be (-72)/16*16/24. Let n = 0 - -3. Let j(y) = 3*y + y**3 + 0 + 0*y**n + 2*y**2 + 1. What is j(o)?
-17
Let o(k) = -114*k - 85. Let a(l) = 316*l + 254. Let m(f) = -4*a(f) - 11*o(f). What is m(-10)?
19
Let f be (1 - 23) + (0 - -2). Let b = f + 9. Let c(m) = 12 - 4*m**3 + 3*m**3 + 11*m - 10*m**2 - 19 + 16. Give c(b).
9
Let f(j) = -9*j + 54*j**3 - 1069 + 1086 + 5*j**2 - 55*j**3. Give f(5).
-28
Let v(m) = -m**3 + 6*m**2 + 7*m - 8. Let g(j) = -j**2 + 1. Let r be ((-12)/2)/(-3) - 12/4. Let s(f) = r*v(f) - 2*g(f). What is s(4)?
-22
Let v(z) = 4*z**2 - 26*z - 415. Let o be v(14). Let m(l) = -2*l**2 + 7*l - 15. What is m(o)?
-30
Let h(t) = 7*t**3 - 13*t**2 + 13*t + 2. Let d = -304 + 311. Let f(w) = -10*w**3 + 19*w**2 - 19*w - 2. Let z(u) = d*h(u) + 5*f(u). Determine z(3).
1
Let i = -58942 + 58929. Let x(c) = -20*c**2 - 56*c - 10. Let l(h) = 7*h**2 + 19*h + 3. Let d(y) = -17*l(y) - 6*x(y). Determine d(i).
9
Let w(z) = -z**3 - 4*z**2 + 5*z - 4. Suppose g + 1480 = 4*k, 3*k - 1133 = -10*g + 5*g. Suppose 0 = 12*b - 961 - k. Let o = b + -116. Give w(o).
-4
Let t(v) = -2 + 5 - 2 + v**2 + 5*v. Let i(r) = -r**2 - 17*r + 134. Let m be i(6). Determine t(m).
-3
Let y be ((-8)/12)/(8/(-180)). Suppose 4*n + 131 = 6*n - v, 3*v - y = 0. Let g = n - 70. Let m(h) = 4*h + 3. Calculate m(g).
-5
Suppose -4*m + 8 = c, 4*m - 8 = -12*c + 13*c. Let d(n) = -n**3 - n**2 + n + 49. Calculate d(c).
49
Let s(f) = -f - 7. Let g(m) = 7. Let p(i) = -3*g(i) - 2*s(i). Suppose y = u + 7, -5*u - 103*y = -101*y + 28. Give p(u).
-19
Let l(h) be the third derivative of h**4/8 + 7*h**3/6 + 7*h**2. Let x(u) = -u. Let s(i) = l(i) + 2*x(i). Give s(-5).
2
Let y(n) be the first derivative of -3*n**2/2 - n - 6. Suppose 0 = 7*m - 306 + 222. Suppose 2*x = -2*x - m. Determine y(x).
8
Let f(z) = 7*z - 10. Let b = -28 - -29. Let g be 15 + -23 + (5 - b). Let u(c) = -7*c + 9. Let d(y) = g*u(y) - 3*f(y). Calculate d(5).
29
Let w(t) = t**3 + 6*t**2 - 8*t - 5. Let f(y) = -7*y - 12. Let m be f(-5). Let i = -73 - -78. Suppose i = -4*l - m. What is w(l)?
2
Let l be ((-16)/4)/(((-30)/(-9))/5). Let i(r) = -r**3 + 3*r**2 + 5*r - 4. Let u be i(4). Let b = l + u. Let t(k) = k**3 + 6*k**2 + 2. Give t(b).
2
Let f(u) = -5*u + 26. Suppose -2*s - 4*i = -14, 140*s - 143*s + 2*i + 13 = 0. What is f(s)?
1
Suppose 0 = 3*c + 4*f - 22, -2*c = -7*c + 2*f + 2. Let x(j) = 16*j - 33*j - c + 16*j - 2. Suppose -4*s - 22 = -6. Give x(s).
0
Let n(i) = 6*i - 6. Let r be ((-22)/(113 - 25))/(1/(-4)). Calculate n(r).
0
Let t(r) = 1 + 5 - 2*r + 11 - r. Let x(c) = -c**2 - 11*c + 527. Let f be x(-29). Calculate t(f).
2
Let s(j) = -5*j - 22. Let a(k) = -2*k - 11. Suppose 10 = 2*b, -4*n + 7*b - 2*b = 53. Let g(y) = n*a(y) + 3*s(y). Suppose -324*p - 18 = -327*p. Determine g(p).
5
Suppose 5*z = 3*q - 9, -2*q + z = 6*z - 6. Let t(p) = -1 + 284*p**2 - 5*p**q + 4*p**3 - 296*p**2. What is t(-12)?
-1
Let g(x) = -2*x + 4 + 9*x + 1 - 6*x. Calculate g(-15).
-10
Let x(v) = -39*v + 34. Let p = -381 - -382. Determine x(p).
-5
Suppose -10*j + 20 = -0. Let w(h) = -h - 3 + 4*h - 5*h + 3*h**j + 10*h**3 - 9*h**3. Determine w(-2).
5
Let g(a) = -a**2 - 5*a - 11. Let y be g(-3). Let s = 57 - 55. Let v(i) = -4*i + 3. Let j(u) = u - 1. Let r(l) = s*v(l) + 9*j(l). Give r(y).
-8
Let y be (6/51 - (-91)/238)/((-1)/6). Let f(j) = 7*j + 5. Calculate f(y).
-16
Let l(y) = -y**2 + 4*y - 4. Let r be (3/(-2))/((-6)/(-40)). Let z = r + 1. Let v = z + 13. Determine l(v).
-4
Let f(i) = -i. Let n be f(-1). Let v(y) = y - 5 + 2 + 0*y + n. Let s = 2223 + -2220. Calculate v(s).
1
Let p(d) = 3*d**3 - 4*d**2 - 2*d + 75. Let k(s) = -8*s**3 + 7*s**2 + 13*s - 151. Let c(z) = -2*k(z) - 5*p(z). What is c(-5)?
32
Let u(f) = -10*f - 26. Suppose r + 16 = 9, 4*p - 4*r = -16. What is u(p)?
84
Let o(z) be the first derivative of 1/3*z**3 - 7/2*z**2 - 24 + 6*z. Calculate o(4).
-6
Let d(j) = 8*j**2 + 4*j. Suppose 389*r - 373*r = 48. Determine d(r).
84
Suppose 2 = -d, 4*p + 132*d + 40 = 136*d. Let t(q) = q**2 + 11*q - 18. Calculate t(p).
-6
Let h(v) = 3*v**3 - 2*v**2 + 25*v - 24. Let p be h(1). Let t(b) be the second derivative of -b**4/12 + b**3/3 - 3*b**2/2 - 11*b. Determine t(p).
-3
Let y(p) be the third derivative of -19*p**4/24 - 211*p**3/3 - 3*p**2 - 105*p + 4. Calculate y(-22).
-4
Let w(p) = -26*p + 369. Let n be w(14). Suppose -4*k + n*k = 5*s + 26, 2*k - s = 34. Let g(q) = q**3 - 16*q**2 + q - 13. Give g(k).
3
Let v(x) be the second derivative of -x**4/6 + x**3/6 + 15*x**2/2 - 251*x. Calculate v(-3).
-6
Let a(s) = 57*s - 392. Let v be a(7). Let o(k) = k**3 - 7*k**2 + 4*k - 18. What is o(